684501?
3, 43, 5218823
What are the prime factors of 1925292007?
17, 991, 114281
What are the prime factors of 2617394549?
7, 11, 23, 233, 6343
List the prime factors of 89409678.
2, 3, 14901613
List the prime factors of 1647701749.
149, 11058401
List the prime factors of 566061996.
2, 3, 929, 50777
What are the prime factors of 187412669?
281, 661, 1009
List the prime factors of 105023728.
2, 6563983
What are the prime factors of 1681984410?
2, 3, 5, 41, 311, 4397
List the prime factors of 17189772.
2, 3, 1432481
List the prime factors of 14823648.
2, 3, 7, 19, 43
What are the prime factors of 2061925709?
773, 2667433
What are the prime factors of 36488363?
439, 83117
List the prime factors of 15672368.
2, 17, 157, 367
List the prime factors of 207314919.
3, 7, 1049, 3137
List the prime factors of 691797362.
2, 37, 9348613
List the prime factors of 8519519986.
2, 12269, 347197
What are the prime factors of 1210648690?
2, 5, 71, 1705139
What are the prime factors of 14622713?
7, 503, 4153
What are the prime factors of 219745270?
2, 5, 2333, 9419
List the prime factors of 214522806.
2, 3, 19, 99041
What are the prime factors of 253547488?
2, 401, 19759
List the prime factors of 359603566.
2, 7, 25685969
What are the prime factors of 356625496?
2, 44578187
What are the prime factors of 150098374?
2, 29, 2587903
What are the prime factors of 1595090794?
2, 11, 37, 47, 173, 241
What are the prime factors of 92722069?
11, 53, 89, 1787
What are the prime factors of 42808081?
42808081
List the prime factors of 63581266.
2, 7, 4541519
What are the prime factors of 1837781195?
5, 563, 652853
List the prime factors of 819104702.
2, 13, 1439, 21893
What are the prime factors of 1716977325?
3, 5, 7, 3270433
List the prime factors of 810362315.
5, 7, 53, 436853
What are the prime factors of 51357150?
2, 3, 5, 13, 8779
List the prime factors of 255087659.
47, 5427397
What are the prime factors of 3280682973?
3, 31, 103, 239, 1433
List the prime factors of 221234341.
2311, 95731
List the prime factors of 55530035.
5, 11, 1009637
What are the prime factors of 1651669896?
2, 3, 233, 295363
What are the prime factors of 1131891454?
2, 565945727
What are the prime factors of 3541298036?
2, 73, 12127733
What are the prime factors of 945639858?
2, 3, 17, 37, 331, 757
List the prime factors of 2557881003.
3, 37, 71, 463, 701
What are the prime factors of 119453907?
3, 39817969
What are the prime factors of 1015425384?
2, 3, 42309391
List the prime factors of 3524707872.
2, 3, 7, 194263
List the prime factors of 8319183.
3, 2773061
List the prime factors of 27120446.
2, 13560223
What are the prime factors of 1936268800?
2, 5, 23, 6577
List the prime factors of 4394348662.
2, 11, 199743121
What are the prime factors of 598174218?
2, 3, 53, 627017
What are the prime factors of 1934555677?
151, 1193, 10739
What are the prime factors of 2323966287?
3, 774655429
List the prime factors of 131540027.
29, 4535863
List the prime factors of 303846636.
2, 3, 25320553
What are the prime factors of 991185389?
43, 1949, 11827
List the prime factors of 17308053.
3, 7, 91577
List the prime factors of 373917151.
67, 2309, 2417
What are the prime factors of 16890706?
2, 7, 1206479
List the prime factors of 246508308.
2, 3, 71, 96443
List the prime factors of 53298710.
2, 5, 101, 113, 467
What are the prime factors of 99355174?
2, 17, 59, 49529
What are the prime factors of 3989816?
2, 59, 79, 107
List the prime factors of 37961904.
2, 3, 311, 2543
What are the prime factors of 2103690333?
3, 43, 16307677
What are the prime factors of 36580250?
2, 5, 7, 20903
List the prime factors of 45182303.
677, 66739
List the prime factors of 266120896.
2, 4158139
What are the prime factors of 107917115?
5, 21583423
List the prime factors of 4528129162.
2, 101, 22416481
What are the prime factors of 2140630?
2, 5, 214063
List the prime factors of 671619055.
5, 67, 2004833
What are the prime factors of 9285303208?
2, 1160662901
What are the prime factors of 837263109?
3, 279087703
What are the prime factors of 1024553926?
2, 11, 17, 61, 44909
List the prime factors of 987549994.
2, 47, 10505851
What are the prime factors of 375758468?
2, 3217, 29201
List the prime factors of 1153042775.
5, 47, 20879
List the prime factors of 235289132.
2, 13, 31, 227, 643
List the prime factors of 276725842.
2, 19, 7282259
List the prime factors of 624297434.
2, 283, 1102999
What are the prime factors of 113997834?
2, 3, 19, 111109
List the prime factors of 372582472.
2, 17, 2739577
What are the prime factors of 6725151505?
5, 149, 9027049
What are the prime factors of 21031595?
5, 13, 257, 1259
List the prime factors of 135364174.
2, 11, 1123, 5479
List the prime factors of 1445962991.
11, 79, 277, 6007
What are the prime factors of 25404028?
2, 13, 488539
What are the prime factors of 204958944?
2, 3, 151, 1571
What are the prime factors of 314546380?
2, 5, 1193, 13183
What are the prime factors of 2280505881?
3, 409, 1858603
What are the prime factors of 3088528685?
5, 11, 137, 409891
What are the prime factors of 433478119?
10303, 42073
What are the prime factors of 36123082?
2, 163, 110807
List the prime factors of 176335173.
3, 7, 399853
What are the prime factors of 2748769017?
3, 83, 2203, 5011
List the prime factors of 35165119.
11, 97, 32957
List the prime factors of 49715170.
2, 5, 59, 84263
What are the prime factors of 5993219488?
2, 187288109
List the prime factors of 5377020939.
3, 1601, 373171
List the prime factors of 1144886834.
2, 7, 13, 6290587
What are the prime factors of 33776959?
149, 226691
List the prime factors of 481298577.
3, 17, 59, 97
What are the prime factors of 6787205648?
2, 3001, 141353
What are the prime factors of 340608977?
43, 109, 72671
List the prime factors of 3913122017.
7, 709, 16091
List the prime factors of 437363588.
2, 179, 610843
List the prime factors of 2059146085.
5, 101, 541, 7537
What are the prime factors of 643184525?
5, 1831, 14051
List the prime factors of 41507231.
4591, 9041
What are the prime factors of 178089920?
2, 5, 23, 24197
What are the prime factors of 228753991?
31, 101, 73061
What are the prime factors of 987448282?
2, 23, 1459, 14713
List the prime factors of 24300595.
5, 11, 441829
List the prime factors of 640805.
5, 11, 61, 191
What are the prime factors of 681423843?
3, 4903, 46327
What are the prime factors of 123382802?
2, 47, 1312583
What are the prime factors of 98487075?
3, 5, 1313161
What are the prime factors of 732542989?
31, 23630419
What are the prime factors of 8038307694?
2, 3, 19, 199, 354329
List the prime factors of 243278350.
2, 5, 7, 695081
List the prime factors of 561465894.
2, 3, 11, 241, 3209
What are the prime factors of 4530273690?
2, 3, 5, 367, 411469
List the prime factors of 153669915.
3, 5, 7, 71, 6871
List the prime factors of 74904093.
3, 11, 756607
List the prime factors of 48352673.
37, 1306829
What are the prime factors of 904754758?
2, 599, 773, 977
List the prime factors of 33327954.
2, 3, 11, 168323
What are the prime factors of 202028266?
2, 11, 9183103
List the prime factors of 64464689.
83, 776683
List the prime factors of 165259728.
2, 3, 1147637
What are the prime factors of 804851003?
11, 73168273
List the prime factors of 2515087626.
2, 3, 7723, 54277
What are the prime factors of 318053113?
7, 41, 107, 10357
List the prime factors of 1125425716.
2, 47, 131, 45697
List the prime factors of 73492459.
41, 281, 6379
What are the prime factors of 138057519?
3, 46019173
What are the prime factors of 173288146?
2, 86644073
What are the prime factors of 124672481?
101, 829, 1489
List the prime factors of 36067164.
2, 3, 7, 139, 3089
List the prime factors of 55835281.
19, 167, 17597
What are the prime factors of 56030652?
2, 3, 613, 2539
What are the prime factors of 307013706?
2, 3, 23, 247193
What are the prime factors of 2707628543?
53, 51087331
What are the prime factors of 655861721?
23, 191, 149297
What are the prime factors of 5888874585?
3, 5, 11, 3244559
What are the prime factors of 94809133?
37, 263, 9743
List the prime factors of 92639238.
2, 3, 71, 217463
List the prime factors of 2571864814.
2, 19, 67, 15077
List the prime factors of 523113525.
3, 5, 11, 47, 1499
What are the prime fact